{"id":366,"date":"2021-05-19T16:43:19","date_gmt":"2021-05-19T14:43:19","guid":{"rendered":"https:\/\/www.jbh.be\/?page_id=366"},"modified":"2021-05-21T20:41:03","modified_gmt":"2021-05-21T18:41:03","slug":"travelcare-essentials","status":"publish","type":"page","link":"https:\/\/www.jbh.be\/?page_id=366","title":{"rendered":"Collection TravelCare Essentials"},"content":{"rendered":"\n<p>TravelCare Essentiels est une ligne intelligente, con\u00e7ue pour un usage unique, pr\u00e9sentant un emballage simple mais tr\u00e8s pratique car il est autoportrait, c&rsquo;est \u00e0 dire qu&rsquo;il tient debout par lui-m\u00eame. Pour une meilleure visibilit\u00e9, les sachets sont imprim\u00e9s s\u00e9par\u00e9 des deux c\u00f4t\u00e9s, un c\u00f4t\u00e9 totalement blanc et l&rsquo;autre orn\u00e9 de tons pastel discrets.<\/p>\n\n\n\n<div class=\"wp-block-jetpack-tiled-gallery aligncenter is-style-square\"><div class=\"tiled-gallery__gallery\"><div class=\"tiled-gallery__row columns-2\"><div class=\"tiled-gallery__col\"><figure class=\"tiled-gallery__item\"><img srcset=\"https:\/\/i0.wp.com\/www.jbh.be\/wp-content\/uploads\/2020\/08\/dyp6_15stre1-1.jpg?resize=318%2C318&#038;strip=info&#038;ssl=1 318w\" alt=\"\" data-height=\"318\" data-id=\"200\" data-link=\"https:\/\/www.jbh.be\/?attachment_id=200\" data-url=\"https:\/\/www.jbh.be\/wp-content\/uploads\/2020\/08\/dyp6_15stre1-1.jpg\" data-width=\"500\" src=\"https:\/\/i0.wp.com\/www.jbh.be\/wp-content\/uploads\/2020\/08\/dyp6_15stre1-1.jpg?ssl=1&amp;resize=318%2C318\" data-amp-layout=\"responsive\"\/><\/figure><\/div><div class=\"tiled-gallery__col\"><figure class=\"tiled-gallery__item\"><img srcset=\"https:\/\/i2.wp.com\/www.jbh.be\/wp-content\/uploads\/2020\/08\/dyp6_15btre1-1.jpg?resize=318%2C318&#038;strip=info&#038;ssl=1 318w\" alt=\"\" data-height=\"318\" data-id=\"201\" data-link=\"https:\/\/www.jbh.be\/?attachment_id=201\" data-url=\"https:\/\/www.jbh.be\/wp-content\/uploads\/2020\/08\/dyp6_15btre1-1.jpg\" data-width=\"500\" src=\"https:\/\/i2.wp.com\/www.jbh.be\/wp-content\/uploads\/2020\/08\/dyp6_15btre1-1.jpg?ssl=1&amp;resize=318%2C318\" data-amp-layout=\"responsive\"\/><\/figure><\/div><\/div><div class=\"tiled-gallery__row columns-2\"><div class=\"tiled-gallery__col\"><figure class=\"tiled-gallery__item\"><img srcset=\"https:\/\/i1.wp.com\/www.jbh.be\/wp-content\/uploads\/2020\/08\/b0808tre1-1.jpg?resize=318%2C318&#038;strip=info&#038;ssl=1 318w\" alt=\"\" data-height=\"318\" data-id=\"202\" data-link=\"https:\/\/www.jbh.be\/?attachment_id=202\" data-url=\"https:\/\/www.jbh.be\/wp-content\/uploads\/2020\/08\/b0808tre1-1.jpg\" data-width=\"500\" src=\"https:\/\/i1.wp.com\/www.jbh.be\/wp-content\/uploads\/2020\/08\/b0808tre1-1.jpg?ssl=1&amp;resize=318%2C318\" data-amp-layout=\"responsive\"\/><\/figure><\/div><div class=\"tiled-gallery__col\"><figure class=\"tiled-gallery__item\"><img srcset=\"https:\/\/i2.wp.com\/www.jbh.be\/wp-content\/uploads\/2020\/08\/dyp6_20mtre1-2.jpg?resize=318%2C318&#038;strip=info&#038;ssl=1 318w\" alt=\"\" data-height=\"318\" data-id=\"203\" data-link=\"https:\/\/www.jbh.be\/?attachment_id=203\" data-url=\"https:\/\/www.jbh.be\/wp-content\/uploads\/2020\/08\/dyp6_20mtre1-2.jpg\" data-width=\"500\" src=\"https:\/\/i2.wp.com\/www.jbh.be\/wp-content\/uploads\/2020\/08\/dyp6_20mtre1-2.jpg?ssl=1&amp;resize=318%2C318\" data-amp-layout=\"responsive\"\/><\/figure><\/div><\/div><\/div><\/div>\n\n\n\n<figure class=\"wp-block-table is-style-stripes\"><table><thead><tr><th>Description<\/th><th>Code<\/th><th>Quantit\u00e9\/carton<\/th><\/tr><\/thead><tbody><tr><td>Sachet autoportant 15 ml Shampoing<\/td><td>DYP6- 5STRE<\/td><td>330<\/td><\/tr><tr><td>Sachet autoportant 15 ml Gel Bain Douche<\/td><td>DYP6-5BTRE<\/td><td>330<\/td><\/tr><tr><td>Sachet autoportant 20 ml Gel Cheveux et Corps<\/td><td>DYP6-5SMRE<\/td><td>330<\/td><\/tr><tr><td>Sachet autoportant 15 ml Lo oncorporelle<\/td><td>DYP6-15LTRE<\/td><td>330<\/td><\/tr><\/tbody><\/table><\/figure>\n\n\n\n<p><\/p>\n","protected":false},"excerpt":{"rendered":"<p>TravelCare Essentiels est une ligne intelligente, con\u00e7ue pour un usage unique, pr\u00e9sentant un emballage simple mais tr\u00e8s pratique car il est autoportrait, c&rsquo;est \u00e0 dire qu&rsquo;il tient debout par lui-m\u00eame. Pour une meilleure visibilit\u00e9, les sachets sont imprim\u00e9s s\u00e9par\u00e9 des deux c\u00f4t\u00e9s, un c\u00f4t\u00e9 totalement blanc et l&rsquo;autre orn\u00e9 de tons pastel discrets. Description Code [&hellip;]<\/p>\n","protected":false},"author":1,"featured_media":245,"parent":52,"menu_order":0,"comment_status":"closed","ping_status":"closed","template":"template-fullwidth.php","meta":{"spay_email":""},"yoast_head":"<!-- This site is optimized with the Yoast SEO plugin v16.3 - https:\/\/yoast.com\/wordpress\/plugins\/seo\/ -->\n<title>Collection TravelCare Essentials - JBH International<\/title>\n<meta name=\"description\" content=\"TravelCare Essentiels est une ligne intelligente, con\u00e7ue pour un usage unique, pr\u00e9sentant un emballage simple mais tr\u00e8s pratique.\" \/>\n<meta name=\"robots\" content=\"index, follow, max-snippet:-1, max-image-preview:large, max-video-preview:-1\" \/>\n<link rel=\"canonical\" href=\"https:\/\/www.jbh.be\/?page_id=366\" \/>\n<meta property=\"og:locale\" content=\"fr_FR\" \/>\n<meta property=\"og:type\" content=\"article\" \/>\n<meta property=\"og:title\" content=\"Collection TravelCare Essentials - JBH International\" \/>\n<meta property=\"og:description\" content=\"TravelCare Essentiels est une ligne intelligente, con\u00e7ue pour un usage unique, pr\u00e9sentant un emballage simple mais tr\u00e8s pratique.\" \/>\n<meta property=\"og:url\" content=\"https:\/\/www.jbh.be\/?page_id=366\" \/>\n<meta property=\"og:site_name\" content=\"JBH International\" \/>\n<meta property=\"article:modified_time\" content=\"2021-05-21T18:41:03+00:00\" \/>\n<meta property=\"og:image\" content=\"https:\/\/www.jbh.be\/wp-content\/uploads\/2020\/08\/TRAVEL_ESSENTIALS_BANNER4.jpg\" \/>\n\t<meta property=\"og:image:width\" content=\"1162\" \/>\n\t<meta property=\"og:image:height\" content=\"297\" \/>\n<meta name=\"twitter:card\" content=\"summary_large_image\" \/>\n<meta name=\"twitter:label1\" content=\"Dur\u00e9e de lecture est.\">\n\t<meta name=\"twitter:data1\" content=\"2 minutes\">\n<script type=\"application\/ld+json\" class=\"yoast-schema-graph\">{\"@context\":\"https:\/\/schema.org\",\"@graph\":[{\"@type\":\"WebSite\",\"@id\":\"https:\/\/www.jbh.be\/#website\",\"url\":\"https:\/\/www.jbh.be\/\",\"name\":\"JBH International\",\"description\":\"Produit d&#039;accueil et \\u00e9quipement pour h\\u00f4tel - Cosmetische en onthaalproducten\",\"potentialAction\":[{\"@type\":\"SearchAction\",\"target\":\"https:\/\/www.jbh.be\/?s={search_term_string}\",\"query-input\":\"required name=search_term_string\"}],\"inLanguage\":\"fr-FR\"},{\"@type\":\"ImageObject\",\"@id\":\"https:\/\/www.jbh.be\/?page_id=366#primaryimage\",\"inLanguage\":\"fr-FR\",\"url\":\"https:\/\/i0.wp.com\/www.jbh.be\/wp-content\/uploads\/2020\/08\/TRAVEL_ESSENTIALS_BANNER4.jpg?fit=1162%2C297&ssl=1\",\"contentUrl\":\"https:\/\/i0.wp.com\/www.jbh.be\/wp-content\/uploads\/2020\/08\/TRAVEL_ESSENTIALS_BANNER4.jpg?fit=1162%2C297&ssl=1\",\"width\":1162,\"height\":297},{\"@type\":\"WebPage\",\"@id\":\"https:\/\/www.jbh.be\/?page_id=366#webpage\",\"url\":\"https:\/\/www.jbh.be\/?page_id=366\",\"name\":\"Collection TravelCare Essentials - JBH International\",\"isPartOf\":{\"@id\":\"https:\/\/www.jbh.be\/#website\"},\"primaryImageOfPage\":{\"@id\":\"https:\/\/www.jbh.be\/?page_id=366#primaryimage\"},\"datePublished\":\"2021-05-19T14:43:19+00:00\",\"dateModified\":\"2021-05-21T18:41:03+00:00\",\"description\":\"TravelCare Essentiels est une ligne intelligente, con\\u00e7ue pour un usage unique, pr\\u00e9sentant un emballage simple mais tr\\u00e8s pratique.\",\"breadcrumb\":{\"@id\":\"https:\/\/www.jbh.be\/?page_id=366#breadcrumb\"},\"inLanguage\":\"fr-FR\",\"potentialAction\":[{\"@type\":\"ReadAction\",\"target\":[\"https:\/\/www.jbh.be\/?page_id=366\"]}]},{\"@type\":\"BreadcrumbList\",\"@id\":\"https:\/\/www.jbh.be\/?page_id=366#breadcrumb\",\"itemListElement\":[{\"@type\":\"ListItem\",\"position\":1,\"item\":{\"@type\":\"WebPage\",\"@id\":\"https:\/\/www.jbh.be\/\",\"url\":\"https:\/\/www.jbh.be\/\",\"name\":\"Home\"}},{\"@type\":\"ListItem\",\"position\":2,\"item\":{\"@type\":\"WebPage\",\"@id\":\"https:\/\/www.jbh.be\/?page_id=52\",\"url\":\"https:\/\/www.jbh.be\/?page_id=52\",\"name\":\"Produits cosm\\u00e9tiques\"}},{\"@type\":\"ListItem\",\"position\":3,\"item\":{\"@id\":\"https:\/\/www.jbh.be\/?page_id=366#webpage\"}}]}]}<\/script>\n<!-- \/ Yoast SEO plugin. -->","_links":{"self":[{"href":"https:\/\/www.jbh.be\/index.php?rest_route=\/wp\/v2\/pages\/366"}],"collection":[{"href":"https:\/\/www.jbh.be\/index.php?rest_route=\/wp\/v2\/pages"}],"about":[{"href":"https:\/\/www.jbh.be\/index.php?rest_route=\/wp\/v2\/types\/page"}],"author":[{"embeddable":true,"href":"https:\/\/www.jbh.be\/index.php?rest_route=\/wp\/v2\/users\/1"}],"replies":[{"embeddable":true,"href":"https:\/\/www.jbh.be\/index.php?rest_route=%2Fwp%2Fv2%2Fcomments&post=366"}],"version-history":[{"count":3,"href":"https:\/\/www.jbh.be\/index.php?rest_route=\/wp\/v2\/pages\/366\/revisions"}],"predecessor-version":[{"id":672,"href":"https:\/\/www.jbh.be\/index.php?rest_route=\/wp\/v2\/pages\/366\/revisions\/672"}],"up":[{"embeddable":true,"href":"https:\/\/www.jbh.be\/index.php?rest_route=\/wp\/v2\/pages\/52"}],"wp:featuredmedia":[{"embeddable":true,"href":"https:\/\/www.jbh.be\/index.php?rest_route=\/wp\/v2\/media\/245"}],"wp:attachment":[{"href":"https:\/\/www.jbh.be\/index.php?rest_route=%2Fwp%2Fv2%2Fmedia&parent=366"}],"curies":[{"name":"wp","href":"https:\/\/api.w.org\/{rel}","templated":true}]}}