{"id":585,"date":"2021-05-21T11:59:49","date_gmt":"2021-05-21T09:59:49","guid":{"rendered":"https:\/\/www.jbh.be\/?page_id=585"},"modified":"2021-05-21T12:03:12","modified_gmt":"2021-05-21T10:03:12","slug":"bureau-accessoires","status":"publish","type":"page","link":"https:\/\/www.jbh.be\/?page_id=585&lang=nl","title":{"rendered":"Bureau accessoires"},"content":{"rendered":"\n<p>Pour mettre \u00e0 disposition de vos clients toutes les informations relatives \u00e0 votre \u00e9tablissement, rien de tel qu&rsquo;un directoire et des tableaux d&rsquo;affichage. Pour donner une petite touche de luxe et de confort sur le bureau de la chambre on vous propose aussi quelques petits accessoires: sous mains, pr\u00e9sentoir \u00e0 brochures, boite \u00e0 mouchoirs &#8230; <\/p>\n\n\n\n<div class=\"wp-block-jetpack-tiled-gallery aligncenter is-style-rectangular\"><div class=\"tiled-gallery__gallery\"><div class=\"tiled-gallery__row\"><div class=\"tiled-gallery__col\" style=\"flex-basis:66.75275%\"><figure class=\"tiled-gallery__item\"><img srcset=\"https:\/\/i0.wp.com\/www.jbh.be\/wp-content\/uploads\/2021\/05\/bureau-accessories.jpg?strip=info&#038;w=600&#038;ssl=1 600w,https:\/\/i0.wp.com\/www.jbh.be\/wp-content\/uploads\/2021\/05\/bureau-accessories.jpg?strip=info&#038;w=900&#038;ssl=1 900w,https:\/\/i0.wp.com\/www.jbh.be\/wp-content\/uploads\/2021\/05\/bureau-accessories.jpg?strip=info&#038;w=1200&#038;ssl=1 1200w,https:\/\/i0.wp.com\/www.jbh.be\/wp-content\/uploads\/2021\/05\/bureau-accessories.jpg?strip=info&#038;w=1250&#038;ssl=1 1250w\" alt=\"\" data-height=\"1250\" data-id=\"578\" data-link=\"https:\/\/www.jbh.be\/?attachment_id=578\" data-url=\"https:\/\/www.jbh.be\/wp-content\/uploads\/2021\/05\/bureau-accessories.jpg\" data-width=\"1250\" src=\"https:\/\/i0.wp.com\/www.jbh.be\/wp-content\/uploads\/2021\/05\/bureau-accessories.jpg?ssl=1\" data-amp-layout=\"responsive\"\/><\/figure><\/div><div class=\"tiled-gallery__col\" style=\"flex-basis:33.24725%\"><figure class=\"tiled-gallery__item\"><img srcset=\"https:\/\/i0.wp.com\/www.jbh.be\/wp-content\/uploads\/2021\/05\/F-772-VP1A3.jpg?strip=info&#038;w=340&#038;ssl=1 340w\" alt=\"\" data-height=\"340\" data-id=\"579\" data-link=\"https:\/\/www.jbh.be\/?attachment_id=579\" data-url=\"https:\/\/www.jbh.be\/wp-content\/uploads\/2021\/05\/F-772-VP1A3.jpg\" data-width=\"340\" src=\"https:\/\/i0.wp.com\/www.jbh.be\/wp-content\/uploads\/2021\/05\/F-772-VP1A3.jpg?ssl=1\" data-amp-layout=\"responsive\"\/><\/figure><figure class=\"tiled-gallery__item\"><img srcset=\"https:\/\/i2.wp.com\/www.jbh.be\/wp-content\/uploads\/2021\/05\/F-794-MAP01_01.jpg?strip=info&#038;w=600&#038;ssl=1 600w\" alt=\"\" data-height=\"600\" data-id=\"580\" data-link=\"https:\/\/www.jbh.be\/?attachment_id=580\" data-url=\"https:\/\/www.jbh.be\/wp-content\/uploads\/2021\/05\/F-794-MAP01_01.jpg\" data-width=\"600\" src=\"https:\/\/i2.wp.com\/www.jbh.be\/wp-content\/uploads\/2021\/05\/F-794-MAP01_01.jpg?ssl=1\" data-amp-layout=\"responsive\"\/><\/figure><\/div><\/div><div class=\"tiled-gallery__row\"><div class=\"tiled-gallery__col\" style=\"flex-basis:50.00000%\"><figure class=\"tiled-gallery__item\"><img srcset=\"https:\/\/i0.wp.com\/www.jbh.be\/wp-content\/uploads\/2021\/05\/F-794-MAP01_02.jpg?strip=info&#038;w=600&#038;ssl=1 600w\" alt=\"\" data-height=\"600\" data-id=\"581\" data-link=\"https:\/\/www.jbh.be\/?attachment_id=581\" data-url=\"https:\/\/www.jbh.be\/wp-content\/uploads\/2021\/05\/F-794-MAP01_02.jpg\" data-width=\"600\" src=\"https:\/\/i0.wp.com\/www.jbh.be\/wp-content\/uploads\/2021\/05\/F-794-MAP01_02.jpg?ssl=1\" data-amp-layout=\"responsive\"\/><\/figure><\/div><div class=\"tiled-gallery__col\" style=\"flex-basis:50.00000%\"><figure class=\"tiled-gallery__item\"><img srcset=\"https:\/\/i2.wp.com\/www.jbh.be\/wp-content\/uploads\/2021\/05\/F-796-BA03.jpg?strip=info&#038;w=600&#038;ssl=1 600w\" alt=\"\" data-height=\"600\" data-id=\"582\" data-link=\"https:\/\/www.jbh.be\/?attachment_id=582\" data-url=\"https:\/\/www.jbh.be\/wp-content\/uploads\/2021\/05\/F-796-BA03.jpg\" data-width=\"600\" src=\"https:\/\/i2.wp.com\/www.jbh.be\/wp-content\/uploads\/2021\/05\/F-796-BA03.jpg?ssl=1\" data-amp-layout=\"responsive\"\/><\/figure><\/div><\/div><\/div><\/div>\n\n\n\n<figure class=\"wp-block-table is-style-stripes\"><table class=\"has-subtle-light-gray-background-color has-background\"><tbody><tr><td><\/td><td>Stuk<\/td><\/tr><tr><td><strong>Luxe zwarte ringband<\/strong><br>In A4 formaat voor gastinformatie.<br>Alle informatie voor uw gasten kunt opbergen in deze map met ringband en insteekvakken.<br>Op de voorzijde is de tekst \u00ab Guest Informa- tion \u00bb vermeld.<\/td><td>10<\/td><\/tr><tr><td><strong>Luxe brochurehouder<\/strong><br>Brochure houder met 2 vakken<br>Zwart PU leder<br>Afmetingen (hxbxd): 240 x 350 x 120mm<\/td><td>6<\/td><\/tr><tr><td><strong>Vluchtplanhouder of informatie kader<\/strong><br>alu profiel met kliklijst 25 mm verstekhoek incl. anti-reflex voorzetfolie (ontspiegeld) achterwand van onbreekbare, polystyreen eenvoudige wandmontage<br>A4 : afmetingen (hxbxd): 33 x 24,3 x 1,2 cm<br>A3 : afmetingen (hxbxd): 45x 33 x 1,2 cm<\/td><td>10<\/td><\/tr><\/tbody><\/table><\/figure>\n","protected":false},"excerpt":{"rendered":"<p>Pour mettre \u00e0 disposition de vos clients toutes les informations relatives \u00e0 votre \u00e9tablissement, rien de tel qu&rsquo;un directoire et des tableaux d&rsquo;affichage. Pour donner une petite touche de luxe et de confort sur le bureau de la chambre on vous propose aussi quelques petits accessoires: sous mains, pr\u00e9sentoir \u00e0 brochures, boite \u00e0 mouchoirs &#8230; [&hellip;]<\/p>\n","protected":false},"author":1,"featured_media":0,"parent":56,"menu_order":0,"comment_status":"closed","ping_status":"closed","template":"template-fullwidth.php","meta":{"spay_email":""},"yoast_head":"<!-- This site is optimized with the Yoast SEO plugin v16.3 - https:\/\/yoast.com\/wordpress\/plugins\/seo\/ -->\n<title>Bureau accessoires - JBH International<\/title>\n<meta name=\"description\" content=\"Directoires, classeurs, pr\u00e9sentoirs et fournitures de bureau pour pr\u00e9senter \u00e0 vos clients toutes les informations concernant l&#039;\u00e9tablissement.\" \/>\n<meta name=\"robots\" content=\"index, follow, max-snippet:-1, max-image-preview:large, max-video-preview:-1\" \/>\n<link rel=\"canonical\" href=\"https:\/\/www.jbh.be\/?page_id=585&#038;lang=nl\" \/>\n<meta property=\"og:locale\" content=\"fr_FR\" \/>\n<meta property=\"og:type\" content=\"article\" \/>\n<meta property=\"og:title\" content=\"Bureau accessoires - JBH International\" \/>\n<meta property=\"og:description\" content=\"Directoires, classeurs, pr\u00e9sentoirs et fournitures de bureau pour pr\u00e9senter \u00e0 vos clients toutes les informations concernant l&#039;\u00e9tablissement.\" \/>\n<meta property=\"og:url\" content=\"https:\/\/www.jbh.be\/?page_id=585&amp;lang=nl\" \/>\n<meta property=\"og:site_name\" content=\"JBH International\" \/>\n<meta property=\"article:modified_time\" content=\"2021-05-21T10:03:12+00:00\" \/>\n<meta property=\"og:image\" content=\"https:\/\/i0.wp.com\/www.jbh.be\/wp-content\/uploads\/2021\/05\/bureau-accessories.jpg?ssl=1\" \/>\n<meta name=\"twitter:card\" content=\"summary_large_image\" \/>\n<meta name=\"twitter:label1\" content=\"Dur\u00e9e de lecture est.\">\n\t<meta name=\"twitter:data1\" content=\"2 minutes\">\n<script type=\"application\/ld+json\" class=\"yoast-schema-graph\">{\"@context\":\"https:\/\/schema.org\",\"@graph\":[{\"@type\":\"WebSite\",\"@id\":\"https:\/\/www.jbh.be\/#website\",\"url\":\"https:\/\/www.jbh.be\/\",\"name\":\"JBH International\",\"description\":\"Produit d&#039;accueil et \\u00e9quipement pour h\\u00f4tel - Cosmetische en onthaalproducten\",\"potentialAction\":[{\"@type\":\"SearchAction\",\"target\":\"https:\/\/www.jbh.be\/?s={search_term_string}\",\"query-input\":\"required name=search_term_string\"}],\"inLanguage\":\"fr-FR\"},{\"@type\":\"ImageObject\",\"@id\":\"https:\/\/www.jbh.be\/?page_id=585&lang=nl#primaryimage\",\"inLanguage\":\"fr-FR\",\"url\":\"https:\/\/i0.wp.com\/www.jbh.be\/wp-content\/uploads\/2021\/05\/bureau-accessories.jpg?ssl=1\",\"contentUrl\":\"https:\/\/i0.wp.com\/www.jbh.be\/wp-content\/uploads\/2021\/05\/bureau-accessories.jpg?ssl=1\"},{\"@type\":\"WebPage\",\"@id\":\"https:\/\/www.jbh.be\/?page_id=585&lang=nl#webpage\",\"url\":\"https:\/\/www.jbh.be\/?page_id=585&lang=nl\",\"name\":\"Bureau accessoires - JBH International\",\"isPartOf\":{\"@id\":\"https:\/\/www.jbh.be\/#website\"},\"primaryImageOfPage\":{\"@id\":\"https:\/\/www.jbh.be\/?page_id=585&lang=nl#primaryimage\"},\"datePublished\":\"2021-05-21T09:59:49+00:00\",\"dateModified\":\"2021-05-21T10:03:12+00:00\",\"description\":\"Directoires, classeurs, pr\\u00e9sentoirs et fournitures de bureau pour pr\\u00e9senter \\u00e0 vos clients toutes les informations concernant l'\\u00e9tablissement.\",\"breadcrumb\":{\"@id\":\"https:\/\/www.jbh.be\/?page_id=585&lang=nl#breadcrumb\"},\"inLanguage\":\"fr-FR\",\"potentialAction\":[{\"@type\":\"ReadAction\",\"target\":[\"https:\/\/www.jbh.be\/?page_id=585&lang=nl\"]}]},{\"@type\":\"BreadcrumbList\",\"@id\":\"https:\/\/www.jbh.be\/?page_id=585&lang=nl#breadcrumb\",\"itemListElement\":[{\"@type\":\"ListItem\",\"position\":1,\"item\":{\"@type\":\"WebPage\",\"@id\":\"https:\/\/www.jbh.be\/\",\"url\":\"https:\/\/www.jbh.be\/\",\"name\":\"Home\"}},{\"@type\":\"ListItem\",\"position\":2,\"item\":{\"@type\":\"WebPage\",\"@id\":\"https:\/\/www.jbh.be\/?page_id=56\",\"url\":\"https:\/\/www.jbh.be\/?page_id=56\",\"name\":\"Equipement de chambre et salle de bain\"}},{\"@type\":\"ListItem\",\"position\":3,\"item\":{\"@id\":\"https:\/\/www.jbh.be\/?page_id=585&lang=nl#webpage\"}}]}]}<\/script>\n<!-- \/ Yoast SEO plugin. -->","_links":{"self":[{"href":"https:\/\/www.jbh.be\/index.php?rest_route=\/wp\/v2\/pages\/585"}],"collection":[{"href":"https:\/\/www.jbh.be\/index.php?rest_route=\/wp\/v2\/pages"}],"about":[{"href":"https:\/\/www.jbh.be\/index.php?rest_route=\/wp\/v2\/types\/page"}],"author":[{"embeddable":true,"href":"https:\/\/www.jbh.be\/index.php?rest_route=\/wp\/v2\/users\/1"}],"replies":[{"embeddable":true,"href":"https:\/\/www.jbh.be\/index.php?rest_route=%2Fwp%2Fv2%2Fcomments&post=585"}],"version-history":[{"count":2,"href":"https:\/\/www.jbh.be\/index.php?rest_route=\/wp\/v2\/pages\/585\/revisions"}],"predecessor-version":[{"id":588,"href":"https:\/\/www.jbh.be\/index.php?rest_route=\/wp\/v2\/pages\/585\/revisions\/588"}],"up":[{"embeddable":true,"href":"https:\/\/www.jbh.be\/index.php?rest_route=\/wp\/v2\/pages\/56"}],"wp:attachment":[{"href":"https:\/\/www.jbh.be\/index.php?rest_route=%2Fwp%2Fv2%2Fmedia&parent=585"}],"curies":[{"name":"wp","href":"https:\/\/api.w.org\/{rel}","templated":true}]}}