{"id":83,"date":"2020-06-05T17:02:03","date_gmt":"2020-06-05T15:02:03","guid":{"rendered":"https:\/\/www.jbh.be\/?page_id=83"},"modified":"2021-05-21T14:11:00","modified_gmt":"2021-05-21T12:11:00","slug":"coffre-fort","status":"publish","type":"page","link":"https:\/\/www.jbh.be\/?page_id=83","title":{"rendered":"Coffre-fort"},"content":{"rendered":"\n<p>Protection contre le vol. Id\u00e9al pour les h\u00f4tels, les h\u00f4pitaux etc.<br>Code \u00e9lectronique de 3 \u00e0 8 chiffres.<br>Bouton d\u2019ouverture et de fermeture.<br>Code g\u00e9n\u00e9ral de management.<br>Alimentation : 4 piles AA<br>Clef de secours m\u00e9canique<br>D\u00e9j\u00e0 pourvu des trous de fixation (arri\u00e8re ou bas)<br>Couleur: noir et tableau argent<\/p>\n\n\n\n<p><\/p>\n\n\n\n<div class=\"wp-block-jetpack-tiled-gallery aligncenter is-style-rectangular\"><div class=\"tiled-gallery__gallery\"><div class=\"tiled-gallery__row\"><div class=\"tiled-gallery__col\" style=\"flex-basis:66.75275%\"><figure class=\"tiled-gallery__item\"><img srcset=\"https:\/\/i2.wp.com\/www.jbh.be\/wp-content\/uploads\/2021\/05\/C-698-BX01.jpg?strip=info&#038;w=600&#038;ssl=1 600w\" alt=\"\" data-height=\"600\" data-id=\"408\" data-link=\"https:\/\/www.jbh.be\/?attachment_id=408\" data-url=\"https:\/\/www.jbh.be\/wp-content\/uploads\/2021\/05\/C-698-BX01.jpg\" data-width=\"600\" src=\"https:\/\/i2.wp.com\/www.jbh.be\/wp-content\/uploads\/2021\/05\/C-698-BX01.jpg?ssl=1\" data-amp-layout=\"responsive\"\/><\/figure><\/div><div class=\"tiled-gallery__col\" style=\"flex-basis:33.24725%\"><figure class=\"tiled-gallery__item\"><img srcset=\"https:\/\/i1.wp.com\/www.jbh.be\/wp-content\/uploads\/2021\/05\/C-698-D08_02.jpg?strip=info&#038;w=533&#038;ssl=1 533w\" alt=\"\" data-height=\"533\" data-id=\"411\" data-link=\"https:\/\/www.jbh.be\/?attachment_id=411\" data-url=\"https:\/\/www.jbh.be\/wp-content\/uploads\/2021\/05\/C-698-D08_02.jpg\" data-width=\"533\" src=\"https:\/\/i1.wp.com\/www.jbh.be\/wp-content\/uploads\/2021\/05\/C-698-D08_02.jpg?ssl=1\" data-amp-layout=\"responsive\"\/><\/figure><figure class=\"tiled-gallery__item\"><img srcset=\"https:\/\/i2.wp.com\/www.jbh.be\/wp-content\/uploads\/2021\/05\/C-698-D08_01.jpg?strip=info&#038;w=600&#038;ssl=1 600w\" alt=\"\" data-height=\"600\" data-id=\"410\" data-link=\"https:\/\/www.jbh.be\/?attachment_id=410\" data-url=\"https:\/\/www.jbh.be\/wp-content\/uploads\/2021\/05\/C-698-D08_01.jpg\" data-width=\"600\" src=\"https:\/\/i2.wp.com\/www.jbh.be\/wp-content\/uploads\/2021\/05\/C-698-D08_01.jpg?ssl=1\" data-amp-layout=\"responsive\"\/><\/figure><\/div><\/div><div class=\"tiled-gallery__row\"><div class=\"tiled-gallery__col\" style=\"flex-basis:100.00000%\"><figure class=\"tiled-gallery__item\"><img srcset=\"https:\/\/i1.wp.com\/www.jbh.be\/wp-content\/uploads\/2021\/05\/C-698-BX02.jpg?strip=info&#038;w=600&#038;ssl=1 600w\" alt=\"\" data-height=\"600\" data-id=\"409\" data-link=\"https:\/\/www.jbh.be\/?attachment_id=409\" data-url=\"https:\/\/www.jbh.be\/wp-content\/uploads\/2021\/05\/C-698-BX02.jpg\" data-width=\"600\" src=\"https:\/\/i1.wp.com\/www.jbh.be\/wp-content\/uploads\/2021\/05\/C-698-BX02.jpg?ssl=1\" data-amp-layout=\"responsive\"\/><\/figure><\/div><\/div><\/div><\/div>\n\n\n\n<figure class=\"wp-block-table is-style-regular\"><table class=\"has-subtle-light-gray-background-color has-background\"><tbody><tr><td><strong>Description<\/strong><\/td><td><strong>Qt\u00e9\/carton<\/strong><br><strong>Stuks\/doos<\/strong><\/td><\/tr><tr><td><strong>Mod\u00e8le C-698-BX01<\/strong><br>H : 200 mm x L : 310 mm x P : 200 mm<br>Poids : 7,5 kg<\/td><td>1<\/td><\/tr><tr><td><strong>Mod\u00e8le C-698-D08 (sp\u00e9cial ordinateur portable et tablettes )<\/strong><br>H : 200 mm x L : 420 mm x P : 380 mm<br>Poids : 13,5 kg<\/td><td>1<\/td><\/tr><\/tbody><\/table><\/figure>\n","protected":false},"excerpt":{"rendered":"<p>Protection contre le vol. Id\u00e9al pour les h\u00f4tels, les h\u00f4pitaux etc.Code \u00e9lectronique de 3 \u00e0 8 chiffres.Bouton d\u2019ouverture et de fermeture.Code g\u00e9n\u00e9ral de management.Alimentation : 4 piles AAClef de secours m\u00e9caniqueD\u00e9j\u00e0 pourvu des trous de fixation (arri\u00e8re ou bas)Couleur: noir et tableau argent Description Qt\u00e9\/cartonStuks\/doos Mod\u00e8le C-698-BX01H : 200 mm x L : 310 mm [&hellip;]<\/p>\n","protected":false},"author":1,"featured_media":0,"parent":56,"menu_order":0,"comment_status":"closed","ping_status":"closed","template":"template-fullwidth.php","meta":{"spay_email":""},"yoast_head":"<!-- This site is optimized with the Yoast SEO plugin v16.3 - https:\/\/yoast.com\/wordpress\/plugins\/seo\/ -->\n<title>Coffre-fort - JBH International<\/title>\n<meta name=\"description\" content=\"Solution id\u00e9ale et abordable pour s\u00e9curiser des affaires dans une chambre d&#039;h\u00f4tel, d&#039;h\u00f4pital. S&#039;installe facilement dans la plus part des meubles.\" \/>\n<meta name=\"robots\" content=\"index, follow, max-snippet:-1, max-image-preview:large, max-video-preview:-1\" \/>\n<link rel=\"canonical\" href=\"https:\/\/www.jbh.be\/?page_id=83\" \/>\n<meta property=\"og:locale\" content=\"fr_FR\" \/>\n<meta property=\"og:type\" content=\"article\" \/>\n<meta property=\"og:title\" content=\"Coffre-fort - JBH International\" \/>\n<meta property=\"og:description\" content=\"Solution id\u00e9ale et abordable pour s\u00e9curiser des affaires dans une chambre d&#039;h\u00f4tel, d&#039;h\u00f4pital. S&#039;installe facilement dans la plus part des meubles.\" \/>\n<meta property=\"og:url\" content=\"https:\/\/www.jbh.be\/?page_id=83\" \/>\n<meta property=\"og:site_name\" content=\"JBH International\" \/>\n<meta property=\"article:modified_time\" content=\"2021-05-21T12:11:00+00:00\" \/>\n<meta property=\"og:image\" content=\"https:\/\/i2.wp.com\/www.jbh.be\/wp-content\/uploads\/2021\/05\/C-698-BX01.jpg?ssl=1\" \/>\n<meta name=\"twitter:card\" content=\"summary_large_image\" \/>\n<meta name=\"twitter:label1\" content=\"Dur\u00e9e de lecture est.\">\n\t<meta name=\"twitter:data1\" content=\"2 minutes\">\n<script type=\"application\/ld+json\" class=\"yoast-schema-graph\">{\"@context\":\"https:\/\/schema.org\",\"@graph\":[{\"@type\":\"WebSite\",\"@id\":\"https:\/\/www.jbh.be\/#website\",\"url\":\"https:\/\/www.jbh.be\/\",\"name\":\"JBH International\",\"description\":\"Produit d&#039;accueil et \\u00e9quipement pour h\\u00f4tel - Cosmetische en onthaalproducten\",\"potentialAction\":[{\"@type\":\"SearchAction\",\"target\":\"https:\/\/www.jbh.be\/?s={search_term_string}\",\"query-input\":\"required name=search_term_string\"}],\"inLanguage\":\"fr-FR\"},{\"@type\":\"ImageObject\",\"@id\":\"https:\/\/www.jbh.be\/?page_id=83#primaryimage\",\"inLanguage\":\"fr-FR\",\"url\":\"https:\/\/i2.wp.com\/www.jbh.be\/wp-content\/uploads\/2021\/05\/C-698-BX01.jpg?ssl=1\",\"contentUrl\":\"https:\/\/i2.wp.com\/www.jbh.be\/wp-content\/uploads\/2021\/05\/C-698-BX01.jpg?ssl=1\"},{\"@type\":\"WebPage\",\"@id\":\"https:\/\/www.jbh.be\/?page_id=83#webpage\",\"url\":\"https:\/\/www.jbh.be\/?page_id=83\",\"name\":\"Coffre-fort - JBH International\",\"isPartOf\":{\"@id\":\"https:\/\/www.jbh.be\/#website\"},\"primaryImageOfPage\":{\"@id\":\"https:\/\/www.jbh.be\/?page_id=83#primaryimage\"},\"datePublished\":\"2020-06-05T15:02:03+00:00\",\"dateModified\":\"2021-05-21T12:11:00+00:00\",\"description\":\"Solution id\\u00e9ale et abordable pour s\\u00e9curiser des affaires dans une chambre d'h\\u00f4tel, d'h\\u00f4pital. S'installe facilement dans la plus part des meubles.\",\"breadcrumb\":{\"@id\":\"https:\/\/www.jbh.be\/?page_id=83#breadcrumb\"},\"inLanguage\":\"fr-FR\",\"potentialAction\":[{\"@type\":\"ReadAction\",\"target\":[\"https:\/\/www.jbh.be\/?page_id=83\"]}]},{\"@type\":\"BreadcrumbList\",\"@id\":\"https:\/\/www.jbh.be\/?page_id=83#breadcrumb\",\"itemListElement\":[{\"@type\":\"ListItem\",\"position\":1,\"item\":{\"@type\":\"WebPage\",\"@id\":\"https:\/\/www.jbh.be\/\",\"url\":\"https:\/\/www.jbh.be\/\",\"name\":\"Home\"}},{\"@type\":\"ListItem\",\"position\":2,\"item\":{\"@type\":\"WebPage\",\"@id\":\"https:\/\/www.jbh.be\/?page_id=56\",\"url\":\"https:\/\/www.jbh.be\/?page_id=56\",\"name\":\"Equipement de chambre et salle de bain\"}},{\"@type\":\"ListItem\",\"position\":3,\"item\":{\"@id\":\"https:\/\/www.jbh.be\/?page_id=83#webpage\"}}]}]}<\/script>\n<!-- \/ Yoast SEO plugin. -->","_links":{"self":[{"href":"https:\/\/www.jbh.be\/index.php?rest_route=\/wp\/v2\/pages\/83"}],"collection":[{"href":"https:\/\/www.jbh.be\/index.php?rest_route=\/wp\/v2\/pages"}],"about":[{"href":"https:\/\/www.jbh.be\/index.php?rest_route=\/wp\/v2\/types\/page"}],"author":[{"embeddable":true,"href":"https:\/\/www.jbh.be\/index.php?rest_route=\/wp\/v2\/users\/1"}],"replies":[{"embeddable":true,"href":"https:\/\/www.jbh.be\/index.php?rest_route=%2Fwp%2Fv2%2Fcomments&post=83"}],"version-history":[{"count":4,"href":"https:\/\/www.jbh.be\/index.php?rest_route=\/wp\/v2\/pages\/83\/revisions"}],"predecessor-version":[{"id":416,"href":"https:\/\/www.jbh.be\/index.php?rest_route=\/wp\/v2\/pages\/83\/revisions\/416"}],"up":[{"embeddable":true,"href":"https:\/\/www.jbh.be\/index.php?rest_route=\/wp\/v2\/pages\/56"}],"wp:attachment":[{"href":"https:\/\/www.jbh.be\/index.php?rest_route=%2Fwp%2Fv2%2Fmedia&parent=83"}],"curies":[{"name":"wp","href":"https:\/\/api.w.org\/{rel}","templated":true}]}}